a (base 14) to base 3.
10220111021221
-203303021 (base 4) to base 13
-51986
What is 81916 (base 10) in base 8?
237774
Convert -2212202122202 (base 3) to base 16.
-175b1a
2795067 (base 10) to base 12
b29623
What is 1011110001010100111 (base 2) in base 5?
44320303
Convert -cd4a2 (base 14) to base 16.
-797b6
What is -d79227 (base 14) in base 16?
-6f2bf3
16e55 (base 15) to base 9
122578
Convert -30003110 (base 7) to base 16.
-25b722
What is -12103423 (base 6) in base 10?
-381831
What is 122220010110221 (base 3) in base 13?
1c7c4a3
What is 435c50 (base 14) in base 5?
1041021221
2101333332 (base 4) to base 9
1111280
Convert -4b40ce (base 15) to base 9.
-6708305
What is -1884c6 (base 13) in base 6?
-21130003
What is 101000000110101000010110 (base 2) in base 10?
10512918
-24a166 (base 14) to base 2
-100110010111001001110
What is 2330251 (base 7) in base 5?
33334211
Convert 105663640 (base 7) to base 8.
30534015
-1010110101111000111011 (base 2) to base 13
-786877
Convert 11010000201021 (base 3) to base 5.
1024412313
What is -18a074 (base 13) in base 5?
-124344341
What is -40b6 (base 12) in base 16?
-1b8a
16642631 (base 7) to base 15
2262c5
Convert 126224c (base 13) to base 10.
5745557
Convert -998163 (base 13) to base 15.
-4b685c
-55862 (base 10) to base 4
-31220312
-a6e983 (base 16) to base 13
-235cc49
-11101011101000101110100 (base 2) to base 3
-112112021200021
56ba1 (base 13) to base 15
31c1c
1173d (base 16) to base 5
4241420
What is -3021332232 (base 4) in base 13?
-22c743
aa36f (base 16) to base 3
1022102101012
-4c077 (base 13) to base 9
-234010
Convert 3863 (base 9) to base 10.
2892
What is -a1be0 (base 16) in base 10?
-662496
Convert -79135a (base 11) to base 15.
-19d8e0
What is 625705 (base 8) in base 11?
132151
793316 (base 10) to base 16
c1ae4
What is -e239 (base 16) in base 6?
-1124041
Convert -7d3cdb (base 16) to base 13.
-1914a73
What is 547982 (base 10) in base 11?
344786
Convert 10840 (base 12) to base 15.
6776
-1636262 (base 11) to base 3
-12020202021112
What is -4618343 (base 9) in base 15?
-3438c3
What is 58543 (base 10) in base 12?
29a67
What is 101dc (base 15) in base 16?
c771
What is -974a52 (base 12) in base 7?
-26224556
What is -13103220 (base 5) in base 3?
-20112100111
2404110 (base 5) to base 9
66660
Convert 12110012002221 (base 3) to base 6.
142032341
Convert 11110001010101011010 (base 2) to base 10.
988506
What is 932a40 (base 13) in base 15?
47c4c1
-61765424 (base 8) to base 4
-301332230110
What is 225138 (base 10) in base 6?
4454150
Convert 281666 (base 10) to base 15.
586cb
-102200012001022 (base 3) to base 6
-340545225
What is 1b140 (base 12) in base 3?
2000210010
What is 34404154 (base 6) in base 8?
4023246
Convert -45c957 (base 14) to base 2.
-1001000100100110100001
What is 460431 (base 10) in base 15?
91656
111344143 (base 5) to base 10
496798
What is -1145534 (base 8) in base 5?
-40023304
What is 1b07cc (base 16) in base 7?
21025426
Convert -14af1 (base 16) to base 4.
-110223301
389db (base 14) to base 8
417625
Convert 371325 (base 10) to base 16.
5aa7d
-21c904 (base 13) to base 8
-3030474
-24a01d (base 14) to base 4
-10302311023
-976b5 (base 14) to base 5
-43210122
Convert 177a650 (base 12) to base 3.
100012111102020
Convert 1530464 (base 10) to base 7.
16002665
What is -11101100010011101 (base 2) in base 14?
-32141
What is -1563563 (base 9) in base 11?
-543739
Convert 1221121112210 (base 3) to base 9.
1847483
What is -40658 (base 10) in base 2?
-1001111011010010
-11011111111100001 (base 2) to base 11
-79164
Convert 1112122010 (base 3) to base 7.
154326
Convert -122b708 (base 14) to base 6.
-510432352
What is 2212112201 (base 3) in base 15?
11b3a
-23236101 (base 7) to base 5
-1010333313
What is 2c5b62 (base 13) in base 2?
100001100001000000010
-32357a (base 11) to base 12
-20b314
What is 400345551 (base 6) in base 4?
121233201223
What is -654344 (base 7) in base 8?
-337336
52c25b (base 13) to base 14
3871b7
Convert 31b12 (base 12) to base 10.
65534
What is 9966a (base 12) in base 9?
338561
-9193 (base 15) to base 4
-13200102
What is -8ba75 (base 13) in base 6?
-5241545
Convert -21222112200 (base 3) to base 12.
-76b23
Convert 424201 (base 9) to base 11.
1626a2
What is 149c71 (base 14) in base 10?
718635
Convert -112436 (base 9) to base 5.
-4124200
-33313022031 (base 4) to base 5
-2031024333
What is -610dc2 (base 15) in base 13?
-c55400
3784715 (base 9) to base 10
2063651
What is 135150152 (base 7) in base 11?
4aa7084
3c176 (base 13) to base 10
112313
Convert -13021232201 (base 4) to base 13.
-5084a2
-3030221 (base 5) to base 7
-262210
Convert -11111101000000111 (base 2) to base 9.
-216626
What is 27026a (base 11) in base 14?
b0bc7
Convert 1762600 (base 8) to base 11.
323899
-6584 (base 9) to base 16
-12f7
Convert 2001301202 (base 4) to base 14.
dba02
323212021 (base 4) to base 9
411757
-2101336 (base 7) to base 14
-680c6
1202033301 (base 4) to base 2
1100010001111110001
What is -a16738 (base 12) in base 4?
-21213112130
What is -116161 (base 9) in base 2?
-10001000111101000
What is 120011212112 (base 3) in base 13?
a6004
Convert -10012031313 (base 4) to base 9.
-2016266
What is -a603a (base 14) in base 15?
-7dabb
1120340 (base 5) to base 14
7475
Convert -183056 (base 10) to base 4.
-230230100
683121 (base 11) to base 2
100001001100001010011
What is 476843 (base 9) in base 5?
33142214
Convert -9ee44 (base 16) to base 13.
-19a301
Convert 15263c (base 13) to base 5.
113111212
35866 (base 15) to base 9
280066
What is 102022101220210 (base 3) in base 13?
1326189
9a39b9 (base 15) to base 6
421333233
1220001221210 (base 3) to base 6
33313550
-14234134 (base 6) to base 3
-220201221011
What is 712a8 (base 12) in base 7?
1152302
Convert 1121221210001 (base 3) to base 13.
243a3c
What is -210000231202 (base 4) in base 8?
-44005542
What is 110100010100101101000 (base 2) in base 6?
100425400
Convert 4123014 (base 5) to base 12.
32b0b
11110001021212 (base 3) to base 8
11007025
What is -73678 (base 10) in base 11?
-503a0
Convert 544106 (base 7) to base 13.
3436a
What is 1a89a0 (base 11) in base 10?
319308
21122122200 (base 3) to base 4
210301323
Convert 1013243 (base 6) to base 12.
24223
2d2610 (base 14) to base 15
2139de
Convert 12403100 (base 5) to base 13.
4386a
What is 20611501 (base 8) in base 6?
234115041
Convert 1a4a18a (base 12) to base 13.
12025b1
22a45 (base 13) to base 6
1204515
4da9a6 (base 16) to base 7
61155532
1023130113 (base 4) to base 2
1001011011100010111
What is -111001010101001110110 (base 2) in base 13?
-50a133
Convert -31120220 (base 5) to base 13.
-8ba6c
What is 75e9 (base 16) in base 2?
111010111101001
Convert 50404105 (base 6) to base 14.
293a77
What is 66468 (base 11) in base 4?
113202012
Convert 11532445 (base 6) to base 13.
cc51b
-10105614 (base 8) to base 10
-2132876
What is -2a45f6 (base 16) in base 13?
-760005
e00737 (base 15) to base 2
101000100011111010101101
Convert -b83b (base 13) to base 12.
-12969
What is 326363 (base 8) in base 7?
635102
Convert -19f890 (base 16) to base 12.
-6a0b80
Convert -2ca565 (base 14) to base 15.
-20db34
2b1bf (base 16) to base 10
176575
What is 50330034 (base 6) in base 11?
895079
15027741 (base 8) to base 11
1a26659
-5a682a (base 13) to base 11
-1243357
What is -23600a (base 11) in base 9?
-630048
What is -1230002200 (base 4) in base 8?
-1540240
Convert 11203021 (base 4) to base 13.
a465
Convert 5598652 (base 11) to base 15.
cda85a
What is -75a529 (base 13) in base 7?
-32333240
Convert -a0c14 (base 14) to base 3.
-201122012221
Convert -610104 (base 9) to base 2.
-1011000000111101100
What is 10101111001011001000011 (base 2) in base 14?
a95c31
What is -100a00a (base 11) in base 9?
-3320351
Convert -44367 (base 12) to base 14.
-24d0b
Convert -5016365 (base 7) to base 8.
-2206002
Convert 14153242 (base 7) to base 6.
44214044
Convert 1211202112 (base 4) to base 13.
1173bb
-2347341 (base 8) to base 3
-1012122201212
What is 648b0 (base 13) in base 11?
114526
Convert -1122130233 (base 4) to base 5.
-43323404
What is -246566 (base 8) in base 6?
-1455114
What is -7bb8c9 (base 13) in base 8?
-13154032
What is 1000001100010111101 (base 2) in base 13?
95281
-1001110110011 (base 2) to base 5
-130133
What is 39ce58 (base 16) in base 10?
3788376
-391850 (base 11) to base 15
-c2d6b
